ine d(f).
20
Let z(o) = 6 - 2*o + 2 - 5 - 4 - 5. Give z(-9).
12
Let o(z) = -z**3 - z**2 + 4. Let s be o(0). Let h(y) = 1 + 4*y + 4*y + 1 + s - y**2 + y. What is h(12)?
-30
Let f(i) = -i**3 + 6*i**2 - 2*i - 14. Let j be f(4). Let y(g) be the second derivative of 0 + 0*g**2 - 1/3*g**3 - j*g. Determine y(-3).
6
Let v(f) be the first derivative of 2*f**3/3 - 3*f - 58. Suppose 0 = -39*t + 43 + 74. Determine v(t).
15
Suppose -5*u = -44 - 426. Let n = u - 88. Let h(b) = -6 - 8 - b - n + 6. Determine h(-10).
-4
Let o(l) = -7*l**2 + 3*l + 15. Suppose -4*v + 26 = 2*p, -3*p = -534*v + 531*v + 33. Give o(p).
-57
Let v(j) = 5*j**3 + 27*j**2 + 63*j + 42. Let a(g) = 2*g**3 + 9*g**2 + 21*g + 14. Let p(o) = -8*a(o) + 3*v(o). Determine p(11).
3
Let b be -5 + -2973*12/(-18). Let u(t) = 2 - 2*t**2 - 986*t + b*t - 992*t. Calculate u(-2).
-4
Let v(g) = 0*g - 5*g - 3 - g**2 + 1. Suppose 26 = -5*r - 3*j + 5, -2*j = -3*r - 24. What is v(r)?
-8
Let r be 2/6*588/28. Let n(p) = 13 + r*p + 14 - p**2 - 22. Let m(d) = d**2 + 7*d + 7. Let q be m(-7). Calculate n(q).
5
Let q(i) = -15 + 4*i + 7 - 7. Let p be q(8). Let z(h) = p - 6*h**2 - h**3 + 21 + h + 12 - 47. Give z(-6).
-3
Let c(a) be the second derivative of -a**4/2 + 8*a**3 - 3*a**2 - 22*a + 12. Give c(8).
-6
Let f = 32104 + -32104. Let c(u) be the first derivative of 1/2*u**2 + f*u - 7. Give c(5).
5
Let s(w) be the third derivative of -w**4/12 - w**3/2 - 3*w**2 + 902*w. Let j = 17 - 24. Calculate s(j).
11
Let b(c) = -c**2 - 11*c + 1. Let x be b(-11). Suppose 5*a + x = 11. Let z(j) = j**2 - 5 + 4*j**2 + 7*j + 1 - 7*j**a. Calculate z(4).
-8
Let b(c) = -8*c**3 - c - 1. Let l(g) = g**2 - 42*g + 215. Let n be l(36). Let i(a) = a**3. Let v(d) = n*b(d) + 2*i(d). What is v(-1)?
-10
Let d(z) be the second derivative of -z**5/20 - 3*z**4/4 + 4*z**3 + 8*z**2 + 98*z - 4. Determine d(-11).
-6
Let h(k) = 3*k**2 - 3*k + 15. Let y(j) = j - 4. Let t(z) = -h(z) + y(z). Calculate t(4).
-51
Let j = 3856 - 3860. Let u(v) = -15*v - 9. Give u(j).
51
Let b(h) be the second derivative of h**5/20 - h**4/12 - h**3/6 - 70*h + 1. Let s(j) = -2*j**2 + 11*j - 3. Let w be s(5). Give b(w).
2
Let w(x) = x**3 + 6*x**2 + 6*x - 1. Let h(n) = 30*n + 40. Let a be h(7). Let j = a - 255. Determine w(j).
-6
Suppose 0 = -9*w + 217 + 35. Suppose 20*m - w*m = 32. Let d(q) = 3*q**2 + 10*q + 2. Calculate d(m).
10
Suppose 22*s + 416 = 372. Let h(w) = -22*w**2 + 2. Calculate h(s).
-86
Suppose -2*a = 5*p - p - 18, 17*p - 14*p = 0. Let o(d) = 3*d - 7. What is o(a)?
20
Let b(n) = -52*n**2 + 19*n - 95. Let x(l) = 11*l**2 - 4*l + 20. Let m(c) = -4*b(c) - 19*x(c). Give m(0).
0
Let h(a) be the third derivative of a**6/120 - 7*a**5/30 + 13*a**4/12 - 17*a**3/6 - 14*a**2 - 2*a + 35. Determine h(12).
7
Let x(p) be the second derivative of 14*p**3/3 + 21*p**2/2 - 3*p - 597. What is x(-1)?
-7
Let w(j) = -j**3 + 9*j**2 - 19*j - 9. Let m be ((-1 + 0)*7)/(-4*(-21)/(-72)). Determine w(m).
-15
Suppose 34*y - 107 - 211 = -12. Let j(l) = 2*l**2 - 21*l + 11. Determine j(y).
-16
Let u be 33/(-11) + (8 - 56)/(-4). Let b(l) = 20*l - 183. What is b(u)?
-3
Let j = -2/47185 - -990889/94370. Let w(z) be the first derivative of 0*z + 46 - j*z**2. Give w(1).
-21
Let h be (-5)/35*14/16 + 22/48. Let a(i) be the first derivative of 12 - 1/2*i**2 - h*i**3 + 4*i. Determine a(0).
4
Suppose -1148*g + 1142*g - 3258 = 0. Let f = g + 537. Let s(m) = m**3 + 4*m**2 - 11*m + 12. Give s(f).
6
Let b(h) = h**3 + h**2 + 9*h + 7. Let o(n) = n**2 - n. Let m(d) = -b(d) - 3*o(d). Let g be m(-4). Let p(a) = 14*a - 2 - g*a + 11*a + 3. Determine p(-1).
-7
Suppose -c = h + 4 - 3, -3*h = -2*c - 27. Let x(p) be the first derivative of -p**3/3 - 9*p**2/2 - p + 40904. What is x(c)?
17
Suppose 2*v + 2 = 3*v, -3*r - 3*v + 21 = 0. Let c(f) be the second derivative of 0 - 1/2*f**3 - 1/2*f**2 + 1/12*f**4 - 5*f. Determine c(r).
9
Let r(h) = 1944 + 1949 + 2*h - 6*h + 0*h - 3894. Let g(c) = -c**2 + 12*c - 5. Let f be g(11). Calculate r(f).
-25
Let p = -5846 + 5859. Let a(r) = -r**2 + 12*r + 3. Determine a(p).
-10
Let f(b) = 2*b - 13. Let h(m) = 127*m + 134. Let d be h(-1). What is f(d)?
1
Let r be 48/(-32) + 1211/2. Let u = -604 + r. Let x(l) be the third derivative of l**4/24 + 7*l**3/2 - 2*l**2. Give x(u).
21
Let c = 537 + -534. Let i(w) = -13 + 4*w + 18 + w**c - 10. What is i(2)?
11
Let h(u) = u**3 + 2*u**2 + 7*u - 19. Let q be h(2). Suppose -15 = 13*g + q. Let v(z) = z**3 + 4*z**2 + 2. Determine v(g).
10
Let v(k) be the third derivative of 0*k + 1/24*k**4 + 0 + 1/10*k**5 + 80*k**2 - 1/120*k**6 - 2/3*k**3. Suppose -4*q - 32 = -4*x, 2*q = -4 - 0. Give v(x).
2
Let n(y) = 4*y - 1. Let u(o) = -o**3 - 6*o**2 + 6*o + 1. Let h be u(2). Let w = -22 - h. Let q(b) = -5*b + 3. Let a(c) = w*q(c) - 4*n(c). Calculate a(-8).
3
Let c(i) = i**3 + i**2 + i - 21. Let t be (108/3)/6*-53 + -4. Let h = -322 - t. Calculate c(h).
-21
Let n(q) = q - 3. Suppose 3*i - 2*s = -2, -i - 19 = -0*s + 3*s. Let y be i/((-2)/(-2))*(0 - -1). What is n(y)?
-7
Let a be 0 - 170/(-15) - (-8)/12 - 2. Let h(u) = 6*u - 9. Calculate h(a).
51
Suppose 0 = -4*z + 2*b + 34, 31 = -3*z + 4*z + 7*b. Let i(w) = 12*w - 96. Calculate i(z).
24
Let d(s) be the third derivative of -1/12*s**4 + 0 + 3*s**2 - 1/2*s**3 - 12*s. Calculate d(4).
-11
Let y(o) = -115*o - 19*o + 135*o - 64 + 64*o**2 - o**3. What is y(64)?
0
Suppose 19*u - 86 - 28 = 5*n, 0 = -2*u - n + 12. Let i(y) = 3*y - 2*y - 2*y. Give i(u).
-6
Let r(b) = 8*b + 3. Suppose 2*d = -4*l + 4, l + 65 = 2*d + 3*d. Suppose -5*f + f = -d. Suppose -f*y - 5 = 1. Calculate r(y).
-13
Let i(d) = -4526*d + 4529*d + 2*d**3 - 5*d**2 - 2 + 3. What is i(3)?
19
Let h(k) = -134 - 141 - 4*k**2 + 405 + k**3 - 138 + 7*k**2 - 5*k. What is h(-4)?
-4
Let b(c) = 713*c - 5708. Let x be b(8). Let l(m) = 3*m + 42. Let r(t) = -t - 17. Let a(n) = 5*l(n) + 12*r(n). What is a(x)?
-6
Let f(n) = 1525*n + 7629. Let o be f(-5). Let k(c) = -8*c + 9. What is k(o)?
-23
Let k = 14 - 12. Let g(i) = -k*i - 2*i + 6*i + 3*i + 1. Let p be (-1739)/(-111) - 16 - (-2)/(-3). What is g(p)?
-4
Let l(c) be the first derivative of -2*c**3 - 11*c**2 - 3*c - 1595. What is l(-4)?
-11
Let j(s) = 2*s**3 - 6*s**2 + 5*s + 4. Let h(m) = 3*m**3 - 11*m**2 + 10*m + 9. Let z(y) = -3*h(y) + 5*j(y). Let b be -6*(-3)/(-9) + 3 + 15/(-3). What is z(b)?
-3
Let f be -1 + 2 - 0/(-1). Let z(o) = 8 + 1 - f + o**2 + 8*o. Let i = -470924 + 470918. Give z(i).
-4
Let y(r) = 1043 - 32*r + 956 - 2000. Determine y(-2).
63
Let o(y) = 0*y**3 - 2948 + 1398 + 13*y + y**3 + 8*y**2 + 1554. Determine o(-5).
14
Let p(w) be the third derivative of -w**4/24 + w**3/2 + 361*w**2. Suppose 269*g + 7 = 270*g. Determine p(g).
-4
Let b be (-2)/1*(2 + -3). Let x(d) = -4*d**2 + 27*d - 12*d**2 + 17*d**b - 39*d + 6. Suppose w = 13 - 2. What is x(w)?
-5
Let a(h) = 69*h**2 - 10*h - 8. Let i(w) = 14*w**2 - w - 1. Let l(z) = a(z) - 5*i(z). Give l(-6).
-9
Let v(f) = 4*f**2 - 6*f + 0 + f + 3 - f**3. Let z = -638 + 681. Suppose -z = -8*u - 19. Determine v(u).
-3
Let a = 113396 + -113402. Let q(v) be the third derivative of v**6/120 + v**5/10 + v**4/24 + 7*v**3/6 + v**2. Calculate q(a).
1
Let m be 63/(-14)*16/6. Let y = m + 13. Let k(l) = 21*l**2 - 88*l**2 + 43*l**2 + 25*l**2. What is k(y)?
1
Let q(l) be the second derivative of 89*l - 1/12*l**4 + l**2 - 5/6*l**3 + 0. Determine q(-4).
6
Let n(g) = 7*g**3 + 13*g + 3. Let b(q) = 3*q**3 + 6*q + 1. Let j(m) = 9*b(m) - 4*n(m). Suppose 20*r - 16*r + 40 = 0. Let d be 6 + -8*(-5)/r. Determine j(d).
-7
Suppose -2*a = 2*a - 8. Let q(w) = 27*w + 38. Let k(b) = -4*b**2 + 14*b - 19. Let r be k(2). Let h(d) = 9*d + 11. Let c(p) = r*h(p) + 2*q(p). Determine c(a).
-19
Let s(z) = -100 + 306 - 102 - 3*z - 104. Give s(9).
-27
Let x(s) = -3*s - 7. Suppose 1 = 3*r + 7, 11 = a - 3*r. Let q(c) = 6*c + 12. Let p(i) = a*q(i) + 9*x(i). Determine p(2).
3
Suppose 4*w + 1 + 15 = 0. Let t(o) = -3*o**3 - 5*o**2 - 10*o - 3. Let i(y) = -8*y**3 - 15*y**2 - 29*y - 8. Let h(a) = w*i(a) + 11*t(a). Calculate h(6).
-1
Let c be (-48)/(-36) + (-34)/(-6). Let w(b) be the third derivative of b**5/60 - b**4/4 + b**3 + 121*b**2. Calculate w(c).
13
Let v(o) = -o**3 - 14*o**2 + 15*o - 19. Let n be -7 - ((-42)/210 - (-82)/10). Calculate v(n).
-19
Let b(c) = 43*c + 308. Suppose u - 113*d + 114*d = -13, 0 = -2*u + 2*d - 2. Give b(u).
